tors of 1751008531.
1751008531
List the prime factors of 1209708810.
2, 3, 5, 4480403
What are the prime factors of 898296177?
3, 299432059
What are the prime factors of 396368308?
2, 7, 103, 137437
What are the prime factors of 160489189?
7, 22927027
What are the prime factors of 35719671?
3, 13, 47, 1499
What are the prime factors of 54933010?
2, 5, 11, 499391
What are the prime factors of 1361740960?
2, 5, 409, 20809
List the prime factors of 307680041.
307680041
What are the prime factors of 1424530158?
2, 3, 41, 1069, 5417
List the prime factors of 22243974.
2, 3, 293, 12653
List the prime factors of 212273205.
3, 5, 14151547
List the prime factors of 44505115.
5, 23, 173, 2237
List the prime factors of 4881430834.
2, 7, 137, 1223, 2081
List the prime factors of 26746800.
2, 3, 5, 31, 719
What are the prime factors of 139094757?
3, 107, 144439
What are the prime factors of 38775681?
3, 7, 211, 2917
List the prime factors of 2343522043.
3911, 599213
What are the prime factors of 139411409?
139411409
What are the prime factors of 53546338?
2, 26773169
List the prime factors of 81474277.
97, 571, 1471
List the prime factors of 32808904.
2, 83, 49411
List the prime factors of 49252366.
2, 17, 31, 83, 563
List the prime factors of 8655326022.
2, 3, 7, 29, 7106179
What are the prime factors of 1054970081?
11, 487, 17903
List the prime factors of 4248211731.
3, 22643, 62539
List the prime factors of 268681288.
2, 29, 617, 1877
List the prime factors of 245112749.
7, 17, 19, 911
What are the prime factors of 32277586?
2, 11, 163, 9001
List the prime factors of 29227832.
2, 601, 6079
List the prime factors of 1709137105.
5, 13, 31, 769, 1103
List the prime factors of 832129724.
2, 353, 589327
List the prime factors of 114186315.
3, 5, 103, 73907
List the prime factors of 275365534.
2, 137682767
What are the prime factors of 53594783?
11, 61, 79873
List the prime factors of 211151841.
3, 53, 1327999
List the prime factors of 225931797.
3, 7, 13, 39409
List the prime factors of 54317374.
2, 41, 662407
List the prime factors of 24329547.
3, 11, 245753
List the prime factors of 381148281.
3, 53, 266351
What are the prime factors of 2226776662?
2, 11, 53, 1909757
List the prime factors of 236109488.
2, 41, 53, 6791
List the prime factors of 1203724829.
277, 4345577
List the prime factors of 6241851994.
2, 7, 19, 1429, 16421
List the prime factors of 1920428.
2, 480107
List the prime factors of 269154964.
2, 13, 181, 28597
What are the prime factors of 67148537?
101, 139, 4783
What are the prime factors of 1372507255?
5, 7, 1361, 28813
List the prime factors of 1539833861.
59, 313, 83383
What are the prime factors of 4376295023?
17, 19, 41, 277, 1193
List the prime factors of 6885913255.
5, 13, 105937127
List the prime factors of 2064692678.
2, 41, 25179179
List the prime factors of 69058298.
2, 34529149
List the prime factors of 3109536867.
3, 1429, 725341
List the prime factors of 57141415.
5, 1999, 5717
What are the prime factors of 264047168?
2, 7, 11, 4871
What are the prime factors of 16643158?
2, 7, 29, 40993
List the prime factors of 493727417.
1451, 340267
What are the prime factors of 47201220?
2, 3, 5, 11, 31, 769
List the prime factors of 43169020.
2, 5, 331, 6521
What are the prime factors of 3285599310?
2, 3, 5, 7, 1297, 4021
What are the prime factors of 386341543?
7, 55191649
List the prime factors of 98910617.
13, 7608509
List the prime factors of 596637607.
2503, 238369
List the prime factors of 369268267.
369268267
What are the prime factors of 2118126287?
631, 3356777
List the prime factors of 3000189.
3, 23, 43481
List the prime factors of 122509738.
2, 13, 37, 347, 367
List the prime factors of 1093306855.
5, 218661371
What are the prime factors of 38796734?
2, 661, 29347
What are the prime factors of 360203935?
5, 7, 13, 791657
What are the prime factors of 83269250?
2, 5, 251, 1327
What are the prime factors of 34249490?
2, 5, 11, 311359
What are the prime factors of 59835142?
2, 19, 37, 42557
What are the prime factors of 886243861?
599, 1479539
List the prime factors of 607312982.
2, 303656491
List the prime factors of 327536749.
47, 971, 7177
What are the prime factors of 361336204?
2, 79, 1143469
List the prime factors of 44669293.
359, 124427
List the prime factors of 1086567220.
2, 5, 54328361
List the prime factors of 90209327.
13, 17, 1847
What are the prime factors of 1707204469?
1707204469
What are the prime factors of 11659321?
23, 43, 11789
What are the prime factors of 174258123?
3, 13, 37, 197, 613
List the prime factors of 120212741.
11, 37, 295363
List the prime factors of 1025978490.
2, 3, 5, 11399761
What are the prime factors of 271546677?
3, 43, 701671
What are the prime factors of 191541660?
2, 3, 5, 19, 401, 419
List the prime factors of 1482212436.
2, 3, 103, 443, 2707
List the prime factors of 5836920.
2, 3, 5, 127, 383
List the prime factors of 410974747.
29, 14171543
List the prime factors of 7869585.
3, 5, 29, 79, 229
List the prime factors of 672437470.
2, 5, 67243747
What are the prime factors of 1860033001?
29, 64139069
List the prime factors of 534162390.
2, 3, 5, 19, 937127
What are the prime factors of 196708311?
3, 19, 547, 701
What are the prime factors of 747180419?
747180419
What are the prime factors of 275737012?
2, 1297, 53149
List the prime factors of 162008772.
2, 3, 1019, 13249
What are the prime factors of 6410317?
6410317
What are the prime factors of 23404590?
2, 3, 5, 11, 47, 503
List the prime factors of 1255747917.
3, 59, 7094621
List the prime factors of 130929881.
130929881
List the prime factors of 63311424.
2, 3, 11, 31, 967
List the prime factors of 58647445.
5, 67, 175067
What are the prime factors of 221324614?
2, 7, 1117, 14153
List the prime factors of 1028317234.
2, 7, 10493033
List the prime factors of 68745063.
3, 1367, 16763
List the prime factors of 2003023599.
3, 667674533
List the prime factors of 5060894053.
5060894053
What are the prime factors of 140760914?
2, 7, 499, 20149
What are the prime factors of 290403662?
2, 5897, 24623
List the prime factors of 4062885767.
19, 11987, 17839
List the prime factors of 1184700186.
2, 3, 65816677
What are the prime factors of 16869103?
59, 71, 4027
List the prime factors of 305863647.
3, 131, 659, 1181
What are the prime factors of 89747524?
2, 41, 547241
List the prime factors of 70616188.
2, 317, 55691
What are the prime factors of 349310010?
2, 3, 5, 7, 1663381
What are the prime factors of 1513935768?
2, 3, 2647, 23831
List the prime factors of 36948738.
2, 3, 53, 116191
What are the prime factors of 911213997?
3, 303737999
What are the prime factors of 33789183?
3, 17, 223, 2971
List the prime factors of 140576074.
2, 70288037
List the prime factors of 1725897413.
7649, 225637
What are the prime factors of 2597515338?
2, 3, 11, 39356293
List the prime factors of 134225242.
2, 113, 233, 2549
What are the prime factors of 23466586?
2, 11, 13, 82051
List the prime factors of 142461687.
3, 47487229
What are the prime factors of 2929525563?
3, 41, 4079, 5839
List the prime factors of 1532862487.
13, 19, 31, 200191
List the prime factors of 8907137.
31, 287327
What are the prime factors of 3314126479?
271, 1831, 6679
List the prime factors of 146654269.
3167, 46307
List the prime factors of 914284111.
13, 71, 647, 1531
What are the prime factors of 147775936?
2, 7, 11, 157, 191
What are the prime factors of 292967985?
3, 5, 19531199
List the prime factors of 752707050.
2, 3, 5, 5018047
List the prime factors of 48422602.
2, 19, 53, 24043
What are the prime factors of 2911511285?
5, 173, 3365909
List the prime factors of 2405727030.
2, 3, 5, 7, 1636549
What are the prime factors of 1164143359?
1373, 847883
What are the prime factors of 2487875651?
89, 27953659
What are the prime factors of 1703200756?
2, 1531, 278119
What are the prime factors of 4341779983?
659, 6588437
List the prime factors of 553059174.
2, 3, 29, 1523, 2087
List the prime factors of 831476306.
2, 211, 1217, 1619
List the prime factors of 800944398.
2, 3, 67, 664133
List the prime factors of 8964836535.
3, 5, 597655769
List the prime factors of 137720074.
2, 83, 829639
What are the prime factors of 44265077?
61, 97, 7481
What are the prime factors of 6